{"id":1206,"date":"2026-04-17T09:08:25","date_gmt":"2026-04-17T09:08:25","guid":{"rendered":"https:\/\/www.mugusahediyelik.com.tr\/?post_type=product&#038;p=1206"},"modified":"2026-04-20T11:16:43","modified_gmt":"2026-04-20T11:16:43","slug":"el-orgusu-amigurumi-domates-anahtarlik-canta-susu","status":"publish","type":"product","link":"https:\/\/www.mugusahediyelik.com.tr\/?product=el-orgusu-amigurumi-domates-anahtarlik-canta-susu","title":{"rendered":"EL \u00d6RG\u00dcS\u00dc &#8211; AM\u0130GURUM\u0130 DOMATES ANAHTARLIK &#038; \u00c7ANTA S\u00dcS\u00dc"},"content":{"rendered":"<p>Sevimli\u00a0<b>amigurumi domates anahtarl\u0131k<\/b>, kad\u0131n giri\u015fimci deste\u011fiyle tamamen el eme\u011fi olarak \u00fcretilmi\u015ftir. Anahtarl\u0131k olarak kullan\u0131labilece\u011fi gibi\u00a0<b>\u00e7anta s\u00fcs\u00fc<\/b>\u00a0veya dekoratif aksesuar olarak da g\u00fcnl\u00fck ya\u015fam\u0131n\u0131za ne\u015fe katar.<\/p>\n<ul>\n<li>%100 el yap\u0131m\u0131, \u00f6zg\u00fcn tasar\u0131m<\/li>\n<li>Dayan\u0131kl\u0131 \u00f6rg\u00fc ipli\u011fi ile haz\u0131rlanm\u0131\u015ft\u0131r<\/li>\n<li>\u00c7ok ama\u00e7l\u0131 kullan\u0131m: anahtarl\u0131k, \u00e7anta s\u00fcs\u00fc, dekoratif aksesuar<\/li>\n<li>\u00a0Hediyelik olarak sevdiklerinize e\u011flenceli ve anlaml\u0131 bir se\u00e7enek<\/li>\n<li>Kad\u0131n giri\u015fimci \u00fcretimi, el eme\u011fini destekleyen \u00f6zel koleksiyon<\/li>\n<\/ul>\n","protected":false},"excerpt":{"rendered":"<p>Sevimli\u00a0<b>amigurumi domates anahtarl\u0131k<\/b>, kad\u0131n giri\u015fimci deste\u011fiyle tamamen el eme\u011fi olarak \u00fcretilmi\u015ftir. Anahtarl\u0131k olarak kullan\u0131labilece\u011fi gibi\u00a0<b>\u00e7anta s\u00fcs\u00fc<\/b>\u00a0veya dekoratif aksesuar olarak da g\u00fcnl\u00fck ya\u015fam\u0131n\u0131za ne\u015fe katar.<\/p>\n<ul>\n<li>%100 el yap\u0131m\u0131, \u00f6zg\u00fcn tasar\u0131m<\/li>\n<li>Dayan\u0131kl\u0131 \u00f6rg\u00fc ipli\u011fi ile haz\u0131rlanm\u0131\u015ft\u0131r<\/li>\n<li>\u00c7ok ama\u00e7l\u0131 kullan\u0131m: anahtarl\u0131k, \u00e7anta s\u00fcs\u00fc, dekoratif aksesuar<\/li>\n<li>\u00a0Hediyelik olarak sevdiklerinize e\u011flenceli ve anlaml\u0131 bir se\u00e7enek<\/li>\n<li>Kad\u0131n giri\u015fimci \u00fcretimi, el eme\u011fini destekleyen \u00f6zel koleksiyon<\/li>\n<\/ul>\n","protected":false},"featured_media":1211,"comment_status":"open","ping_status":"closed","template":"","meta":{"_kad_post_transparent":"default","_kad_post_title":"","_kad_post_layout":"default","_kad_post_sidebar_id":"","_kad_post_content_style":"default","_kad_post_vertical_padding":"default","_kad_post_feature":"","_kad_post_feature_position":"","_kad_post_header":false,"_kad_post_footer":false,"_kad_post_classname":""},"product_brand":[],"product_cat":[35],"product_tag":[],"class_list":{"0":"post-1206","1":"product","2":"type-product","3":"status-publish","4":"has-post-thumbnail","6":"product_cat-anahtarlik","8":"first","9":"instock","10":"taxable","11":"shipping-taxable","12":"purchasable","13":"product-type-simple","14":"entry","15":"content-bg","16":"loop-entry"},"_links":{"self":[{"href":"https:\/\/www.mugusahediyelik.com.tr\/index.php?rest_route=\/wp\/v2\/product\/1206","targetHints":{"allow":["GET"]}}],"collection":[{"href":"https:\/\/www.mugusahediyelik.com.tr\/index.php?rest_route=\/wp\/v2\/product"}],"about":[{"href":"https:\/\/www.mugusahediyelik.com.tr\/index.php?rest_route=\/wp\/v2\/types\/product"}],"replies":[{"embeddable":true,"href":"https:\/\/www.mugusahediyelik.com.tr\/index.php?rest_route=%2Fwp%2Fv2%2Fcomments&post=1206"}],"wp:featuredmedia":[{"embeddable":true,"href":"https:\/\/www.mugusahediyelik.com.tr\/index.php?rest_route=\/wp\/v2\/media\/1211"}],"wp:attachment":[{"href":"https:\/\/www.mugusahediyelik.com.tr\/index.php?rest_route=%2Fwp%2Fv2%2Fmedia&parent=1206"}],"wp:term":[{"taxonomy":"product_brand","embeddable":true,"href":"https:\/\/www.mugusahediyelik.com.tr\/index.php?rest_route=%2Fwp%2Fv2%2Fproduct_brand&post=1206"},{"taxonomy":"product_cat","embeddable":true,"href":"https:\/\/www.mugusahediyelik.com.tr\/index.php?rest_route=%2Fwp%2Fv2%2Fproduct_cat&post=1206"},{"taxonomy":"product_tag","embeddable":true,"href":"https:\/\/www.mugusahediyelik.com.tr\/index.php?rest_route=%2Fwp%2Fv2%2Fproduct_tag&post=1206"}],"curies":[{"name":"wp","href":"https:\/\/api.w.org\/{rel}","templated":true}]}}