{"id":125,"date":"2025-12-01T15:51:31","date_gmt":"2025-12-01T15:51:31","guid":{"rendered":"http:\/\/www.mugusahediyelik.com.tr\/?page_id=125"},"modified":"2025-12-27T15:34:40","modified_gmt":"2025-12-27T15:34:40","slug":"mesafeli-satis-sozlesmesi","status":"publish","type":"page","link":"https:\/\/www.mugusahediyelik.com.tr\/?page_id=125","title":{"rendered":"Mesafeli Sat\u0131\u015f S\u00f6zle\u015fmesi"},"content":{"rendered":"\t\t<div data-elementor-type=\"wp-page\" data-elementor-id=\"125\" class=\"elementor elementor-125\">\n\t\t\t\t<div class=\"elementor-element elementor-element-539550ed e-flex e-con-boxed e-con e-parent\" data-id=\"539550ed\" data-element_type=\"container\" data-e-type=\"container\">\n\t\t\t\t\t<div class=\"e-con-inner\">\n\t\t\t\t<div class=\"elementor-element elementor-element-728a7a62 elementor-widget elementor-widget-text-editor\" data-id=\"728a7a62\" data-element_type=\"widget\" data-e-type=\"widget\" data-widget_type=\"text-editor.default\">\n\t\t\t\t\t\t\t\t\t<h1>MESAFEL\u0130 SATI\u015e S\u00d6ZLE\u015eMES\u0130<\/h1>\n<p><strong>S\u00f6zle\u015fmenin Konusu<\/strong> \u0130\u015fbu s\u00f6zle\u015fmenin konusu, Al\u0131c\u0131\u2019n\u0131n Sat\u0131c\u0131\u2019ya ait <strong><span tabindex=\"0\" role=\"button\" data-url=\"https:\/\/mugusahediyelik.com.tr\" aria-label=\"mugusahediyelik.com.tr, bu sizi mugusahediyelik.com.tr konumuna g\u00f6t\u00fcr\u00fcr\">mugusahediyelik.com.tr<\/span><\/strong> internet sitesi \u00fczerinden elektronik ortamda sipari\u015f verdi\u011fi \u00fcr\u00fcnlerin sat\u0131\u015f\u0131 ve teslimine ili\u015fkin olarak, 6502 say\u0131l\u0131 <strong>T\u00fcketicinin Korunmas\u0131 Hakk\u0131nda Kanun<\/strong> ve <strong>Mesafeli S\u00f6zle\u015fmeler Y\u00f6netmeli\u011fi<\/strong> h\u00fck\u00fcmleri do\u011frultusunda taraflar\u0131n hak ve y\u00fck\u00fcml\u00fcl\u00fcklerinin belirlenmesidir.<\/p>\n<div>\u00a0<\/div>\n<h3>Madde 1 \u2013 \u00dcr\u00fcn ve Hizmet Bilgileri<\/h3>\n<ul>\n<li>\n<p>\u00dcr\u00fcn\/\u00fcr\u00fcnlerin t\u00fcr\u00fc, miktar\u0131, marka\/modeli, rengi, sat\u0131\u015f bedeli ve \u00f6deme \u015fekli, Al\u0131c\u0131 taraf\u0131ndan sipari\u015f \u00f6ncesinde onaylan\u0131r.<\/p>\n<\/li>\n<li>\n<p>Da\u011f\u0131t\u0131m bilgileri sipari\u015f formunda yer al\u0131r.<\/p>\n<\/li>\n<\/ul>\n<h3>Madde 2 \u2013 Teslimat<\/h3>\n<ul>\n<li>\n<p>\u00dcr\u00fcnler, sipari\u015f onay\u0131ndan itibaren <strong>1-3 i\u015f g\u00fcn\u00fc<\/strong> i\u00e7inde kargoya verilir.<\/p>\n<\/li>\n<li>\n<p>Teslimat s\u00fcresi, Al\u0131c\u0131\u2019n\u0131n bulundu\u011fu b\u00f6lgeye g\u00f6re de\u011fi\u015fiklik g\u00f6sterebilir.<\/p>\n<\/li>\n<li>\n<p>Teslimat s\u0131ras\u0131nda \u00fcr\u00fcn\u00fcn kontrol\u00fc ve olas\u0131 hasarlar\u0131n tespiti Al\u0131c\u0131\u2019n\u0131n sorumlulu\u011fundad\u0131r.<\/p>\n<\/li>\n<\/ul>\n<h3>Madde 3 \u2013 Cayma Hakk\u0131<\/h3>\n<ul>\n<li>\n<p>Al\u0131c\u0131, \u00fcr\u00fcn\u00fc teslim ald\u0131\u011f\u0131 tarihten itibaren <strong>14 g\u00fcn<\/strong> i\u00e7inde herhangi bir gerek\u00e7e g\u00f6stermeksizin ve cezai \u015fart \u00f6demeksizin cayma hakk\u0131n\u0131 kullanabilir.<\/p>\n<\/li>\n<li>\n<p>Cayma hakk\u0131n\u0131n kullan\u0131m\u0131 i\u00e7in Sat\u0131c\u0131\u2019ya yaz\u0131l\u0131 bildirim yap\u0131lmas\u0131 gerekir.<\/p>\n<\/li>\n<li>\n<p>Ki\u015fiye \u00f6zel \u00fcretim veya hijyen nedeniyle iadesi m\u00fcmk\u00fcn olmayan \u00fcr\u00fcnler cayma hakk\u0131 kapsam\u0131 d\u0131\u015f\u0131ndad\u0131r.<\/p>\n<\/li>\n<\/ul>\n<h3>Madde 4 \u2013 \u0130ade ve De\u011fi\u015fim<\/h3>\n<ul>\n<li>\n<p>Cayma hakk\u0131 kapsam\u0131nda iade edilen \u00fcr\u00fcn, kullan\u0131lmam\u0131\u015f ve orijinal ambalaj\u0131nda olmal\u0131d\u0131r.<\/p>\n<\/li>\n<li>\n<p>\u0130ade kargo bedeli, mevzuat gere\u011fi Sat\u0131c\u0131 taraf\u0131ndan kar\u015f\u0131lan\u0131r.<\/p>\n<\/li>\n<li>\n<p>\u0130ade edilen \u00fcr\u00fcn bedeli, yasal s\u00fcreler i\u00e7inde Al\u0131c\u0131\u2019ya geri \u00f6denir.<\/p>\n<\/li>\n<\/ul>\n<h3>Madde 5 \u2013 \u00d6deme<\/h3>\n<ul>\n<li>\n<p>\u00dcr\u00fcn bedeli, sipari\u015f s\u0131ras\u0131nda se\u00e7ilen \u00f6deme y\u00f6ntemiyle tahsil edilir.<\/p>\n<\/li>\n<li>\n<p>Sat\u0131c\u0131, \u00f6deme g\u00fcvenli\u011fi i\u00e7in gerekli teknik altyap\u0131y\u0131 sa\u011flar (\u00f6rne\u011fin: <strong>256 Bit SSL<\/strong>).<\/p>\n<\/li>\n<\/ul>\n<h3>Madde 6 \u2013 Uyu\u015fmazl\u0131klar\u0131n \u00c7\u00f6z\u00fcm\u00fc<\/h3>\n<ul>\n<li>\n<p>\u0130\u015fbu s\u00f6zle\u015fmeden do\u011fabilecek uyu\u015fmazl\u0131klarda, Ticaret Bakanl\u0131\u011f\u0131 taraf\u0131ndan belirlenen parasal s\u0131n\u0131rlar dahilinde <strong>T\u00fcketici Hakem Heyetleri<\/strong>; bu s\u0131n\u0131rlar\u0131n \u00fczerindeki uyu\u015fmazl\u0131klarda ise <strong>T\u00fcketici Mahkemeleri<\/strong> yetkilidir.<\/p>\n<\/li>\n<\/ul>\n<h3>Madde 7 \u2013 Y\u00fcr\u00fcrl\u00fck<\/h3>\n<ul>\n<li>\n<p>Al\u0131c\u0131, sipari\u015fi onaylad\u0131\u011f\u0131nda i\u015fbu s\u00f6zle\u015fmenin t\u00fcm maddelerini kabul etmi\u015f say\u0131l\u0131r.<\/p>\n<\/li>\n<\/ul>\t\t\t\t\t\t\t\t<\/div>\n\t\t\t\t\t<\/div>\n\t\t\t\t<\/div>\n\t\t\t\t<\/div>\n\t\t","protected":false},"excerpt":{"rendered":"<p>MESAFEL\u0130 SATI\u015e S\u00d6ZLE\u015eMES\u0130 S\u00f6zle\u015fmenin Konusu \u0130\u015fbu s\u00f6zle\u015fmenin konusu, Al\u0131c\u0131\u2019n\u0131n Sat\u0131c\u0131\u2019ya ait mugusahediyelik.com.tr internet sitesi \u00fczerinden elektronik ortamda sipari\u015f verdi\u011fi \u00fcr\u00fcnlerin sat\u0131\u015f\u0131 ve teslimine ili\u015fkin olarak, 6502 say\u0131l\u0131 T\u00fcketicinin Korunmas\u0131 Hakk\u0131nda Kanun ve Mesafeli S\u00f6zle\u015fmeler Y\u00f6netmeli\u011fi h\u00fck\u00fcmleri do\u011frultusunda taraflar\u0131n hak ve y\u00fck\u00fcml\u00fcl\u00fcklerinin belirlenmesidir. \u00a0 Madde 1 \u2013 \u00dcr\u00fcn ve Hizmet Bilgileri \u00dcr\u00fcn\/\u00fcr\u00fcnlerin t\u00fcr\u00fc, miktar\u0131, marka\/modeli, rengi,&#8230;<\/p>\n","protected":false},"author":1,"featured_media":0,"parent":0,"menu_order":0,"comment_status":"closed","ping_status":"closed","template":"","meta":{"_kad_post_transparent":"","_kad_post_title":"","_kad_post_layout":"","_kad_post_sidebar_id":"","_kad_post_content_style":"","_kad_post_vertical_padding":"","_kad_post_feature":"","_kad_post_feature_position":"","_kad_post_header":false,"_kad_post_footer":false,"_kad_post_classname":"","footnotes":""},"class_list":["post-125","page","type-page","status-publish","hentry"],"_links":{"self":[{"href":"https:\/\/www.mugusahediyelik.com.tr\/index.php?rest_route=\/wp\/v2\/pages\/125","targetHints":{"allow":["GET"]}}],"collection":[{"href":"https:\/\/www.mugusahediyelik.com.tr\/index.php?rest_route=\/wp\/v2\/pages"}],"about":[{"href":"https:\/\/www.mugusahediyelik.com.tr\/index.php?rest_route=\/wp\/v2\/types\/page"}],"author":[{"embeddable":true,"href":"https:\/\/www.mugusahediyelik.com.tr\/index.php?rest_route=\/wp\/v2\/users\/1"}],"replies":[{"embeddable":true,"href":"https:\/\/www.mugusahediyelik.com.tr\/index.php?rest_route=%2Fwp%2Fv2%2Fcomments&post=125"}],"version-history":[{"count":7,"href":"https:\/\/www.mugusahediyelik.com.tr\/index.php?rest_route=\/wp\/v2\/pages\/125\/revisions"}],"predecessor-version":[{"id":553,"href":"https:\/\/www.mugusahediyelik.com.tr\/index.php?rest_route=\/wp\/v2\/pages\/125\/revisions\/553"}],"wp:attachment":[{"href":"https:\/\/www.mugusahediyelik.com.tr\/index.php?rest_route=%2Fwp%2Fv2%2Fmedia&parent=125"}],"curies":[{"name":"wp","href":"https:\/\/api.w.org\/{rel}","templated":true}]}}